{"id":375,"date":"2025-02-23T15:48:58","date_gmt":"2025-02-23T14:48:58","guid":{"rendered":"https:\/\/une-main-sur-votre-epaule.com\/?page_id=375"},"modified":"2026-08-06T11:27:34","modified_gmt":"2026-08-06T09:27:34","slug":"nos-actualites","status":"publish","type":"page","link":"https:\/\/une-main-sur-votre-epaule.com\/index.php\/nos-actualites\/","title":{"rendered":"Nos actualit\u00e9s"},"content":{"rendered":"\t\t<div data-elementor-type=\"wp-page\" data-elementor-id=\"375\" class=\"elementor elementor-375\">\n\t\t\t\t<div class=\"elementor-element elementor-element-72596205 e-flex e-con-boxed e-con e-parent\" data-id=\"72596205\" data-element_type=\"container\" data-e-type=\"container\">\n\t\t\t\t\t<div class=\"e-con-inner\">\n\t\t\t\t<div class=\"elementor-element elementor-element-56c44a31 elementor-widget elementor-widget-text-editor\" data-id=\"56c44a31\" data-element_type=\"widget\" data-e-type=\"widget\" data-widget_type=\"text-editor.default\">\n\t\t\t\t<div class=\"elementor-widget-container\">\n\t\t\t\t\t\t\t\t\t\n<p class=\"wp-block-paragraph\"><span style=\"color: #000000;\">HOMMAGE<\/span><\/p>\n\t\t\t\t\t\t\t\t<\/div>\n\t\t\t\t<\/div>\n\t\t\t\t\t<\/div>\n\t\t\t\t<\/div>\n\t\t<div class=\"elementor-element elementor-element-e9ed725 e-flex e-con-boxed e-con e-parent\" data-id=\"e9ed725\" data-element_type=\"container\" data-e-type=\"container\">\n\t\t\t\t\t<div class=\"e-con-inner\">\n\t\t\t\t<div class=\"elementor-element elementor-element-58b93c8 elementor-widget elementor-widget-image\" data-id=\"58b93c8\" data-element_type=\"widget\" data-e-type=\"widget\" data-widget_type=\"image.default\">\n\t\t\t\t<div class=\"elementor-widget-container\">\n\t\t\t\t\t\t\t\t\t\t\t\t\t\t\t<img fetchpriority=\"high\" decoding=\"async\" width=\"768\" height=\"545\" src=\"https:\/\/une-main-sur-votre-epaule.com\/wp-content\/uploads\/2026\/08\/1-768x545.png\" class=\"attachment-medium_large size-medium_large wp-image-718\" alt=\"\" srcset=\"https:\/\/une-main-sur-votre-epaule.com\/wp-content\/uploads\/2026\/08\/1-768x545.png 768w, https:\/\/une-main-sur-votre-epaule.com\/wp-content\/uploads\/2026\/08\/1-300x213.png 300w, https:\/\/une-main-sur-votre-epaule.com\/wp-content\/uploads\/2026\/08\/1-1024x726.png 1024w, https:\/\/une-main-sur-votre-epaule.com\/wp-content\/uploads\/2026\/08\/1-1536x1090.png 1536w, https:\/\/une-main-sur-votre-epaule.com\/wp-content\/uploads\/2026\/08\/1.png 1748w\" sizes=\"(max-width: 768px) 100vw, 768px\" \/>\t\t\t\t\t\t\t\t\t\t\t\t\t\t\t<\/div>\n\t\t\t\t<\/div>\n\t\t\t\t\t<\/div>\n\t\t\t\t<\/div>\n\t\t<div class=\"elementor-element elementor-element-cf30268 e-flex e-con-boxed e-con e-parent\" data-id=\"cf30268\" data-element_type=\"container\" data-e-type=\"container\">\n\t\t\t\t\t<div class=\"e-con-inner\">\n\t\t\t\t<div class=\"elementor-element elementor-element-c71c607 elementor-widget elementor-widget-text-editor\" data-id=\"c71c607\" data-element_type=\"widget\" data-e-type=\"widget\" data-widget_type=\"text-editor.default\">\n\t\t\t\t<div class=\"elementor-widget-container\">\n\t\t\t\t\t\t\t\t\t<div class=\"x14z9mp xat24cr x1lziwak x1vvkbs xtlvy1s x126k92a\">\n<div dir=\"auto\"><span style=\"color: #000000;\">Cet homme sur cette photo est la personne qui gr\u00e2ce \u00e0 son combat il y a 9 ans, l&rsquo;association a vu le jour.<\/span><\/div>\n<div dir=\"auto\">\u00a0<\/div>\n<div dir=\"auto\"><span style=\"color: #000000;\">Cet homme est le fr\u00e8re et le fils des fondatrices, mais aussi la Pr\u00e9sidente et la Vice-pr\u00e9sidente.<\/span><\/div>\n<div dir=\"auto\">\u00a0<\/div>\n<div dir=\"auto\"><span style=\"color: #000000;\">Cet homme a d\u00e9couvert le 24 avril qu&rsquo;il devait mener un autre combat, la maladie \u00e9tait revenue mais pas au m\u00eame endroit, malgr\u00e9 son courage, son envie de se battre pour sa fille, cet homme a perdu ce combat.<\/span><\/div>\n<div dir=\"auto\">\u00a0<\/div>\n<div dir=\"auto\"><span style=\"color: #000000;\">Repose en paix mon fr\u00e8re tu vas beaucoup nous manquer, tu vas nous faire un grand vide.<\/span><\/div>\n<div dir=\"auto\">\u00a0<\/div>\n<\/div>\n<div class=\"x14z9mp xat24cr x1lziwak x1vvkbs xtlvy1s x126k92a\">\n<div dir=\"auto\"><span style=\"color: #000000;\">UN HOMMAGE SERA FAIT \u00c0 SON HONNEUR LORS DE NOTRE SOIR\u00c9E DANSANTE DU NOVEMBRE 2026 \u00c0 LA SALLE SOCIO CULTURELLE DE HIERSAC<\/span><\/div>\n<\/div>\t\t\t\t\t\t\t\t<\/div>\n\t\t\t\t<\/div>\n\t\t\t\t\t<\/div>\n\t\t\t\t<\/div>\n\t\t\t\t<\/div>\n\t\t","protected":false},"excerpt":{"rendered":"<p>HOMMAGE Cet homme sur cette photo est la personne qui gr\u00e2ce \u00e0 son combat il &hellip; <\/p>\n","protected":false},"author":1,"featured_media":0,"parent":0,"menu_order":0,"comment_status":"closed","ping_status":"closed","template":"","meta":{"footnotes":""},"class_list":["post-375","page","type-page","status-publish","hentry"],"_links":{"self":[{"href":"https:\/\/une-main-sur-votre-epaule.com\/index.php\/wp-json\/wp\/v2\/pages\/375","targetHints":{"allow":["GET"]}}],"collection":[{"href":"https:\/\/une-main-sur-votre-epaule.com\/index.php\/wp-json\/wp\/v2\/pages"}],"about":[{"href":"https:\/\/une-main-sur-votre-epaule.com\/index.php\/wp-json\/wp\/v2\/types\/page"}],"author":[{"embeddable":true,"href":"https:\/\/une-main-sur-votre-epaule.com\/index.php\/wp-json\/wp\/v2\/users\/1"}],"replies":[{"embeddable":true,"href":"https:\/\/une-main-sur-votre-epaule.com\/index.php\/wp-json\/wp\/v2\/comments?post=375"}],"version-history":[{"count":5,"href":"https:\/\/une-main-sur-votre-epaule.com\/index.php\/wp-json\/wp\/v2\/pages\/375\/revisions"}],"predecessor-version":[{"id":733,"href":"https:\/\/une-main-sur-votre-epaule.com\/index.php\/wp-json\/wp\/v2\/pages\/375\/revisions\/733"}],"wp:attachment":[{"href":"https:\/\/une-main-sur-votre-epaule.com\/index.php\/wp-json\/wp\/v2\/media?parent=375"}],"curies":[{"name":"wp","href":"https:\/\/api.w.org\/{rel}","templated":true}]}}

Nos actualités

<div data-elementor-type="wp-page" data-elementor-id="375" class="elementor elementor-375">
				<div class="elementor-element elementor-element-72596205 e-flex e-con-boxed e-con e-parent" data-id="72596205" data-element_type="container" data-e-type="container">
					<div class="e-con-inner">
				<div class="elementor-element elementor-element-56c44a31 elementor-widget elementor-widget-text-editor" data-id="56c44a31" data-element_type="widget" data-e-type="widget" data-widget_type="text-editor.default">
				<div class="elementor-widget-container">
									
<p class="wp-block-paragraph"><span style="color: #000000;">HOMMAGE</span></p>
								</div>
				</div>
					</div>
				</div>
		<div class="elementor-element elementor-element-e9ed725 e-flex e-con-boxed e-con e-parent" data-id="e9ed725" data-element_type="container" data-e-type="container">
					<div class="e-con-inner">
				<div class="elementor-element elementor-element-58b93c8 elementor-widget elementor-widget-image" data-id="58b93c8" data-element_type="widget" data-e-type="widget" data-widget_type="image.default">
				<div class="elementor-widget-container">
															<img fetchpriority="high" decoding="async" width="768" height="545" src="https://une-main-sur-votre-epaule.com/wp-content/uploads/2026/08/1-768x545.png" class="attachment-medium_large size-medium_large wp-image-718" alt="" srcset="https://une-main-sur-votre-epaule.com/wp-content/uploads/2026/08/1-768x545.png 768w, https://une-main-sur-votre-epaule.com/wp-content/uploads/2026/08/1-300x213.png 300w, https://une-main-sur-votre-epaule.com/wp-content/uploads/2026/08/1-1024x726.png 1024w, https://une-main-sur-votre-epaule.com/wp-content/uploads/2026/08/1-1536x1090.png 1536w, https://une-main-sur-votre-epaule.com/wp-content/uploads/2026/08/1.png 1748w" sizes="(max-width: 768px) 100vw, 768px" />															</div>
				</div>
					</div>
				</div>
		<div class="elementor-element elementor-element-cf30268 e-flex e-con-boxed e-con e-parent" data-id="cf30268" data-element_type="container" data-e-type="container">
					<div class="e-con-inner">
				<div class="elementor-element elementor-element-c71c607 elementor-widget elementor-widget-text-editor" data-id="c71c607" data-element_type="widget" data-e-type="widget" data-widget_type="text-editor.default">
				<div class="elementor-widget-container">
									<div class="x14z9mp xat24cr x1lziwak x1vvkbs xtlvy1s x126k92a">
<div dir="auto"><span style="color: #000000;">Cet homme sur cette photo est la personne qui grâce à son combat il y a 9 ans, l&rsquo;association a vu le jour.</span></div>
<div dir="auto"> </div>
<div dir="auto"><span style="color: #000000;">Cet homme est le frère et le fils des fondatrices, mais aussi la Présidente et la Vice-présidente.</span></div>
<div dir="auto"> </div>
<div dir="auto"><span style="color: #000000;">Cet homme a découvert le 24 avril qu&rsquo;il devait mener un autre combat, la maladie était revenue mais pas au même endroit, malgré son courage, son envie de se battre pour sa fille, cet homme a perdu ce combat.</span></div>
<div dir="auto"> </div>
<div dir="auto"><span style="color: #000000;">Repose en paix mon frère tu vas beaucoup nous manquer, tu vas nous faire un grand vide.</span></div>
<div dir="auto"> </div>
</div>
<div class="x14z9mp xat24cr x1lziwak x1vvkbs xtlvy1s x126k92a">
<div dir="auto"><span style="color: #000000;">UN HOMMAGE SERA FAIT À SON HONNEUR LORS DE NOTRE SOIRÉE DANSANTE DU NOVEMBRE 2026 À LA SALLE SOCIO CULTURELLE DE HIERSAC</span></div>
</div>								</div>
				</div>
					</div>
				</div>
				</div>

<p>HOMMAGE Cet homme sur cette photo est la personne qui grâce à son combat il &hellip; </p>
